1). Suppose -4*n - 19 = v. What is m(n)?
7
Let g(z) = -3*z - 15. Let y(c) = c + 5. Let x(t) = 2*g(t) + 7*y(t). Give x(-5).
0
Let n be 30/(-40)*(-8)/3. Let m(g) = 8*g - g**2 + 0*g**n + 0*g**2 - 2 - 2. What is m(7)?
3
Let t = -23 + 26. Let p(d) = d**2 - 2*d - 3. Calculate p(t).
0
Let p(y) = 3*y**2 + 2*y - 1. Let f(l) = 16*l**2 + 11*l - 4. Let i(t) = -2*f(t) + 11*p(t). Determine i(-3).
6
Let x(h) = -h**2 + 3*h - 3. Let v(m) = m**3 + 30*m**2 + 4. Let a be v(-30). Calculate x(a).
-7
Let k(b) = b**3 - 4*b**2 - 11*b - 2. Let c be k(6). Let a(t) = t**2 - 6*t + 5. Calculate a(c).
-3
Let w(y) = 398 - 402 + 4*y + y**2 - 3*y**2. What is w(3)?
-10
Let f(y) = -y + 9. Suppose a - 7 = -0. Let h be f(a). Let c(w) = h*w**2 - 3 + 3*w**2 - 2*w**2 + w**3. Calculate c(-3).
-3
Suppose m - 4*y + 14 = 0, 0 = m - 0*m + y + 4. Let w(v) = 2*v - 3. What is w(m)?
-15
Let t(f) be the second derivative of -1/3*f**4 + 0 + f - 1/3*f**3 + 1/20*f**5 + f**2. Determine t(2).
-10
Let t(q) be the first derivative of -2*q - 6 - q**2 - 1/4*q**4 - 4/3*q**3. Suppose -3*n = -l + 9, -n = -5*l - 3*n - 23. Give t(l).
-5
Suppose -3*r = -0*r - 6. Suppose v + 1 = 0, r*g + 8*v - 4*v = -2. Let o(d) = -3*d + 1. Determine o(g).
-2
Let q(i) be the second derivative of i**4/12 + i**3/6 - 2*i. Let n(d) = -d**3 - 2*d**2 - 2*d - 2. Let a be n(-2). Let g = a - 2. What is q(g)?
0
Let g(o) = 0*o + 2*o - 3*o. Let k(s) be the second derivative of -s**4/12 - s**3/2 - 2*s**2 + s. Let q be k(-3). Determine g(q).
4
Suppose 0 = h + 2*h - 21. Suppose -3 = -b + 4*s, -19 = -3*b - 4*s + 6*s. Let q(z) = -2 + z + b - h - 3. Determine q(4).
-1
Let f(q) = -q**3 + 5*q**2 - 3*q - 3. Let u = -58 + 62. What is f(u)?
1
Let t(h) = 4*h - 5. Let q(g) = -7*g + 9. Let n(c) = -3*q(c) - 5*t(c). Calculate n(3).
1
Suppose 4*o = -4, 0 = -i - 3*o - 0 - 4. Let p be (4/2 - i) + -3. Let b(q) = q**3 + q**2 + q. Calculate b(p).
0
Let n(x) = -2*x**2 + 8*x + 1. Let j(b) = 5*b**2 - 23*b - 2. Let i(c) = -3*j(c) - 8*n(c). Let u = -10 + 4. What is i(u)?
4
Suppose p = -2*p + 12. Let g(q) = -3*q + q**3 + 0*q**3 - 4 - 3*q**2 + 2. What is g(p)?
2
Let f(i) = -i + 3. Let u be f(4). Let a(g) = 14*g + 1. Calculate a(u).
-13
Let o(v) = v**3 + 6*v**2 + 2*v + 6. Let u(i) = -i**3 - 3*i**2 - 2*i - 3. Let a be u(-3). Let w be a/(4 - 9/2). Determine o(w).
-6
Let v be 4*(2 + -3) + 1. Let j(l) = -l + 3. Determine j(v).
6
Suppose 0 = 2*n + 2*n + 8. Let v(s) = -97*s**3 - 1 - 2*s**2 + 98*s**3 - 5*s + 3*s. Calculate v(n).
-13
Let r(h) = 1. Let f(d) = -3*d + 9. Let i(q) = f(q) - 5*r(q). Suppose -2*k + 20 = -4. Suppose -8 = -4*m + k. What is i(m)?
-11
Let f(p) = p**3 - 4*p**2 + p - 5. Let r be 6 + -4 - (0 - 2). What is f(r)?
-1
Let h(p) = p - 2. Let y(r) = -r**3 - 4*r**2 - 3*r - 1. Suppose 5*o + 6 + 4 = 0. Let m be y(o). Give h(m).
-5
Let h be (3 - 0 - 8)*-1. Let w(p) = 2*p + 2*p - h*p + 2. What is w(-2)?
4
Let m = -5 - -10. Suppose -m*i = 47 - 17. Let v be (12/9)/2*i. Let d(b) = -b**3 - 3*b**2 + 6*b + 2. What is d(v)?
-6
Let d(j) = -2*j + 2. Let p be d(0). Suppose p*y + 12 = -2. Let g(u) = u + 15. Determine g(y).
8
Let h(m) = -m. Let w(q) = 2*q. Let p(s) = 12*h(s) + 4*w(s). Suppose -4*x - 4 + 2 = 2*v, 5*v = x - 16. Let l be (-9)/3*x/(-3). Calculate p(l).
-4
Let i be (-10)/12 + (-6)/36. Let n(f) = 3*f**3 + 2*f**2 - 1. Give n(i).
-2
Let r(h) = -h - 6. Let t = 5 - 3. Suppose 3*o = -5*j - 10, 0*o = -t*o + 10. Determine r(j).
-1
Let a(s) = 0*s**2 + 14 - s - s**2 - 5. Let h = -127 - -127. What is a(h)?
9
Let g(m) = -18*m - 8 + 19*m + 23. Calculate g(-9).
6
Let h(r) = r**3 + 3*r**2 + 2. Let k be h(-3). Let c(t) = 8*t - k - 2*t + 0*t. Calculate c(2).
10
Let x = 12 - 24. Let a(q) = q**3 + 12*q**2 - q - 15. Let j be a(x). Let t(o) = -o**3 - 2*o**2 + o + 3. Give t(j).
9
Let q(o) be the third derivative of -o**6/120 + o**5/30 + o**4/24 + o**3/3 - o**2 + 4. Determine q(2).
4
Suppose 4*a = 3*h - 3, -h - 5 = -3*a - 6*h. Suppose -2*p - t = -3, -p - p - 4*t + 12 = a. Suppose p = -0*z - z. Let o(m) = m**2 - m - 2. Calculate o(z).
-2
Let h(g) = 2*g + 3. Suppose 5*t - 8 = 3*t. Suppose l + 6 = t. Let y be l/9 - (-136)/(-36). Calculate h(y).
-5
Let w(z) = -2*z + 31. Let l be w(13). Let d(b) be the third derivative of -b**5/60 + 5*b**4/24 + b**3/6 + b**2. Calculate d(l).
1
Let k(g) = 5*g + 1. Let z = -8 - -9. Give k(z).
6
Let q(s) = 7*s**3 - 2*s**2 - s + 2. Let y be q(1). Let z(o) = o**3 - 5*o**2 - 6*o - 7. Calculate z(y).
-7
Suppose 4*w - a = -3, 0 = -3*w - 4*a - a - 31. Let d(i) = -i**3 - 3*i**2 - 2*i + 2. Determine d(w).
2
Let a(t) = -t**2 + 10*t - 5. Let v = 15 - 6. Let y be a(v). Let l(b) = b**2 - 4*b - 2. Calculate l(y).
-2
Let f(z) be the third derivative of z**5/60 - z**4/4 + 14*z**2 - 2*z. Suppose g = 3 - 0. Let y be g/6 + 11/2. Give f(y).
0
Let y(k) = -k + 0 - 1 - 5*k + 2. Determine y(1).
-5
Let y(h) = -2*h - 7*h + 5*h - 4*h. Calculate y(1).
-8
Let i(b) = b**3 + 3*b**2 - 3*b + 4. Let n = 8 - 5. Suppose n = -3*c - 2*g - 15, 4*c - 5*g + 1 = 0. Determine i(c).
0
Let k(a) = -4*a**2 + 1. Let s be k(-1). Let u(y) = -y**2 - 3*y + 7. Let x(t) = -t**2 - 2*t + 6. Let o(n) = s*x(n) + 2*u(n). Determine o(3).
5
Let b = 9 + -5. Let r(t) = b*t - t - 4 - 2*t. Let h be ((-2)/4)/(2/(-12)). Calculate r(h).
-1
Suppose -5*t + 2*t = 3*a - 15, 3*a - 12 = 0. Let n(l) = -l - 1. Calculate n(t).
-2
Let g(c) = c**3 + c**2 - 1. Let s(m) = -m**2 - 3*m - 1. Let z be 8/(-16)*(5 - -1). Let h be s(z). Give g(h).
-1
Let i(c) = c**2 - 1. Let w be i(-1). Let y(h) be the second derivative of w - h**2 + 2*h + h**3 - 1/12*h**4. Determine y(3).
7
Let g(q) be the third derivative of -q**4/24 + 11*q**3/6 + q**2. Determine g(6).
5
Suppose s + 16 = 4*c, -5*s - c - 20 + 3 = 0. Let y(p) = -4 + 6 + 8*p + p**2 - 3*p. Determine y(s).
-2
Let f(y) = -y**3 - 5*y**2 + 4*y - 8. Let l(b) = -b**3 + 8*b**2 - 4*b - 6. Let a be l(7). Suppose -t + 0*t - a = -3*z, 2*t + 4*z = 0. Determine f(t).
4
Let m(w) = 0*w**2 + 3*w**2 + 3*w**2 + 154*w**3 - 155*w**3 + 9*w. Calculate m(7).
14
Let j(v) be the first derivative of -v**2 + 2*v - 1. Suppose -5*s = -3*s - 6. Let k be (s - 4)*-2 - -1. Determine j(k).
-4
Let x(r) = -4*r - 6*r + 5*r + r. What is x(-1)?
4
Let o(f) = f**3 + 3*f**2 - 2*f - 1. Let v(s) = -3*s**2 + 16*s + 9. Let l be v(6). Determine o(l).
5
Let q(j) = -j**3 - 5*j**2 - 5*j + 5. Let s(k) = 2*k**3 + 11*k**2 + 11*k - 9. Let t(d) = 7*q(d) + 4*s(d). Calculate t(-8).
-9
Let m = -2 + 6. Let d be (-55)/10 + 6/m. Let t(r) = -2*r - 9. Let j be t(d). Let i(g) = 8*g**3 + 2*g**2 + g. Calculate i(j).
-7
Let n(m) = 5*m**2 - 2*m - 1. Let j = 3 - 31. Let a = -29 - j. Give n(a).
6
Suppose 0 = -m - 6 + 10. Let r(h) be the third derivative of 2*h**2 + 0 + h**3 + 0*h - 7/24*h**m + 1/60*h**5. Give r(4).
-6
Let h be ((-12)/(-40))/(9/5). Let t(u) be the third derivative of u**2 + 0*u - 1/6*u**4 - h*u**3 + 0. Give t(1).
-5
Let i(f) = -3 - f**2 - 30*f - 17 + 30*f. Determine i(0).
-20
Let d(t) = t**2 - 7*t + 2. Let h be d(4). Let j(r) = r + 18. What is j(h)?
8
Let c(x) = -x**2 + x - 6. Let r(q) = 2*q**2 - 3*q + 13. Let z(p) = 5*c(p) + 2*r(p). Determine z(0).
-4
Let a(m) = -1 - 2*m**2 - 1 + 1 + m**3. Suppose -21 = -5*u + 3*k, 4*u + k - 12 = 5*k. Suppose -2*l = 2*l, -u = -3*i + l. Determine a(i).
-1
Let u(j) = -j + 3. Let r(z) = -z - 1. Let d be -5*1/((-15)/(-12)). Let l be r(d). Calculate u(l).
0
Let t(i) = 4 - 1 - 3*i + 4*i + 0. What is t(-3)?
0
Let b(h) be the first derivative of h**2/2 - 3. Let p(v) = -5*v - 9. Let c(s) = -s - 1. Let j(w) = -6*c(w) + p(w). Let r be j(8). Calculate b(r).
5
Suppose -a - 2 = -5. Suppose 2*t + 3*p + a = 7, 3*p = 5*t - 10. Let w(l) = l**3 - 5*l**2 + 3*l - 2. Calculate w(t).
-8
Let k(t) = t**2 + 11*t + 15. Let w be k(-9). Let v(m) = m + 1. Let n(a) = a**2 - a - 6. Let o(s) = -n(s) - 4*v(s). Calculate o(w).
2
Let n(v) = v**3 - 10*v**2 - 11*v - 4. Let i be n(11). Let j(f) = f**2 - f + 2. Calculate j(i).
22
Let b(y) = -y**2 - 5*y - 6. Suppose 6*q + 6 = 3*q - 3*i, 0 = 2*i - 4. Let a be b(q). Let v = a + 3. Let t(g) = -10*g**2 - g + 1. Determine t(v).
-10
Let a(q) = 2*q**3 + 13*q - 4. Let f(l) = -l**3 - 7*l + 2. Let n(m) = 6*a(m) + 11*f(m). Determine n(0).
-2
Let m(k) = 22*k + 1 - 5*k - 11*k. Determine m(1).
7
Let d(q) = -q**2 + 9*q - 9. Suppose -x + 9 = 1. Determine d(x).
-1
Let h(m) = m**3 + 5*m**2 + 3*m - 2. Let x be h(-4). Let i(